{"id":2586,"date":"2025-12-05T18:55:37","date_gmt":"2025-12-05T17:55:37","guid":{"rendered":"http:\/\/www.re-cycle-age.com\/SiteNNV3\/?page_id=2586"},"modified":"2026-03-30T20:25:03","modified_gmt":"2026-03-30T18:25:03","slug":"calendrier-des-stages-2026","status":"publish","type":"page","link":"http:\/\/www.re-cycle-age.com\/SiteNNV3\/?page_id=2586","title":{"rendered":"Calendrier des stages 2026"},"content":{"rendered":"\n<p><a href=\"https:\/\/ecocentre-tregor.fr\/event\/stage-comment-devenir-autonome-energetiquement\" target=\"_blank\" rel=\"noreferrer noopener\">Autonomie \u00e9nerg\u00e9tique \u27a4 Samedi 28 f\u00e9vrier &amp; dimanche 1er mars \u00e0 l&#8217;Ecocentre Tr\u00e9gor (Pleumeur Bodou 22)<\/a><\/p>\n\n\n\n<p><br><a href=\"https:\/\/ecocentre-tregor.fr\/event\/stage-recuperation-et-utilisation-de-leau-de-pluie\" target=\"_blank\" rel=\"noreferrer noopener\">R\u00e9cup\u00e9ration d\u2019eau de pluie \u27a4 Samedi 7 mars \u00e0 l&#8217;Ecocentre Tr\u00e9gor (Pleumeur Bodou 22)<\/a><\/p>\n\n\n\n<p><br><a href=\"https:\/\/ecocentre-tregor.fr\/event\/stage-transformez-un-velo-en-vae-velo-a-assistance-electrique\" target=\"_blank\" rel=\"noreferrer noopener\">\u00c9lectrifier un v\u00e9lo \u27a4 Samedi 14 mars \u00e0 l&#8217;Ecocentre Tr\u00e9gor (Pleumeur Bodou 22)<\/a><\/p>\n\n\n\n<p><br><a href=\"https:\/\/ecocentre-tregor.fr\/event\/stage-initiation-soudure-realiser-votre-instrument-butaphone-avec-une-bouteille-de-gaz\" target=\"_blank\" rel=\"noreferrer noopener\">Fabrication d\u2019un butaphone \u27a4 Samedi 28 &amp; dimanche 29 mars \u00e0 l&#8217;Ecocentre Tr\u00e9gor (Pleumeur Bodou 22)<\/a><\/p>\n\n\n\n<p><a href=\"http:\/\/www.re-cycle-age.com\/SiteNNV3\/wp-content\/uploads\/2026\/02\/StageFaux-04-04-2026-Buzug-V0.pdf\" target=\"_blank\" rel=\"noreferrer noopener\">Utilisation et entretien d\u2019une faux \u27a4 Samedi 4 avril \u00e0 Plouarzel (29)<\/a><\/p>\n\n\n\n<p><br><a rel=\"noreferrer noopener\" href=\"https:\/\/ecocentre-tregor.fr\/event\/stage-rocket-stove-fabriquez-votre-cuiseur-mobile-hautes-performances\" target=\"_blank\">Rocket stove g\u00e9ant ou standard \u00e0 l&#8217;Ecocentre Tr\u00e9gor (Pleumeur Bodou 22)<br>\u27a4 Lundi 4 au vendredi 8 mai <br>\u27a4 Lundi 24 au vendredi 28 ao\u00fbt<\/a><\/p>\n\n\n\n<p><a rel=\"noreferrer noopener\" href=\"https:\/\/ecocentre-tregor.fr\/event\/stage-initiation-a-lutilisation-et-lentretien-dune-faux\" target=\"_blank\">Utilisation et entretien d\u2019une faux \u27a4 Samedi 16 mai \u00e0 Louannec (22)<\/a><\/p>\n\n\n\n<p><br><a href=\"https:\/\/ecocentre-tregor.fr\/event\/stage-decouvrez-la-soudure-en-fabriquant-votre-barbecue\" target=\"_blank\" rel=\"noreferrer noopener\">Fabrication d\u2019un barbecue \u27a4 Samedi 23 &amp; dimanche 24 mai \u00e0 l&#8217;Ecocentre Tr\u00e9gor (Pleumeur Bodou 22)<\/a><\/p>\n\n\n\n<p><br><a href=\"https:\/\/ecocentre-tregor.fr\/event\/stage-initiation-mecanique-auto\" target=\"_blank\" rel=\"noreferrer noopener\">Initiation \u00e0 la m\u00e9canique auto \u00e0 Louannec (22)<br>\u27a4 Samedi 6 juin<br>\u27a4 Dimanche 28 juin<\/a><\/p>\n\n\n\n<p><br><a href=\"https:\/\/ecocentre-tregor.fr\/event\/stage-initiation-a-lutilisation-et-lentretien-dune-faux-2\" target=\"_blank\" rel=\"noreferrer noopener\">Faux entre Terre et Ciel \u27a4 Samedi 13 juin \u00e0 Louannec (22)<\/a><\/p>\n\n\n\n<p><a rel=\"noreferrer noopener\" href=\"https:\/\/ecocentre-tregor.fr\/event\/stage-initiation-a-lutilisation-et-lentretien-dune-faux\" target=\"_blank\">Utilisation et entretien d\u2019une faux \u27a4 samedi 27 juin 2026 \u00e0 Tr\u00e9drez-Locqu\u00e9meau (22)<\/a><\/p>\n\n\n\n<p><br><a href=\"https:\/\/ecocentre-tregor.fr\/event\/stage-rocket-billig-fabriquez-votre-galettiere-a-bois\" target=\"_blank\" rel=\"noreferrer noopener\">\u00ab Rocket bilig \u00bb : fabriquez votre galeti\u00e8re \u00e0 bois \u27a4 Lundi 20 au vendredi 24 juillet \u00e0 l&#8217;Ecocentre Tr\u00e9gor (Pleumeur Bodou 22)<\/a><\/p>\n\n\n\n<p><a href=\"http:\/\/www.re-cycle-age.com\/SiteNNV3\/wp-content\/uploads\/2026\/02\/StageFaux-01-08-2026-yvonnickboutier.pdf\" target=\"_blank\" rel=\"noreferrer noopener\">Utilisation et entretien d\u2019une faux \u27a4 samedi 1 ao\u00fbt 2026 \u00e0 Plaintel (22) aux Jardins de La Bruy\u00e8re<\/a><\/p>\n\n\n\n<p><br><a rel=\"noreferrer noopener\" href=\"https:\/\/ecocentre-tregor.fr\/event\/stage-initiation-soudure-realisez-votre-instrument-butaphone-avec-une-bouteille-de-gaz-et-apprenez-a-en-jouer\" target=\"_blank\">Fabrication d\u2019un butaphone et apprendre \u00e0 en jouer \u27a4 Mercredi 12 au vendredi 14 ao\u00fbt \u00e0 l&#8217;Ecocentre Tr\u00e9gor (Pleumeur Bodou 22)<\/a><\/p>\n\n\n\n<p><a href=\"https:\/\/www.pontivy-communaute.bzh\/agenda\/stage-de-rocket-billig-ou-rocket-stove\/\" target=\"_blank\" rel=\"noreferrer noopener\">Deux stages au choix propos\u00e9s par Pontivy Communaut\u00e9 du 17 au 21 ao\u00fbt 2026 :<br>Stage \u00ab Rocket Billig \u00bb ou \u00ab Rocket Stove \u00bb<\/a><\/p>\n\n\n\n<p><br><a href=\"https:\/\/ecocentre-tregor.fr\/event\/stage-compresseur\" target=\"_blank\" rel=\"noreferrer noopener\">Fabrication d\u2019un compresseur \u27a4 Samedi 5 &amp; dimanche 6 septembre \u00e0 l&#8217;Ecocentre Tr\u00e9gor (Pleumeur Bodou 22)<\/a><\/p>\n\n\n\n<p><br><a href=\"https:\/\/ecocentre-tregor.fr\/event\/stage-auto-construction-dune-eolienne-piggott\" target=\"_blank\" rel=\"noreferrer noopener\">Auto-construction d\u2019une \u00e9olienne Pigott \u27a4 Lundi 21 au vendredi 25 septembre \u00e0 l&#8217;Ecocentre Tr\u00e9gor (Pleumeur Bodou 22)<\/a><\/p>\n\n\n\n<p><br><a href=\"https:\/\/ecocentre-tregor.fr\/event\/stage-fabrication-dun-poele-rocket-stove-pour-habitat-leger\" target=\"_blank\" rel=\"noreferrer noopener\">Fabrication Po\u00eale rocket stove pour habitat l\u00e9ger \u27a4 Lundi 5 au vendredi 9 octobre \u00e0 l&#8217;Ecocentre Tr\u00e9gor (Pleumeur Bodou 22)<\/a><\/p>\n","protected":false},"excerpt":{"rendered":"<p>Autonomie \u00e9nerg\u00e9tique \u27a4 Samedi 28 f\u00e9vrier &amp; dimanche 1er mars \u00e0 l&#8217;Ecocentre Tr\u00e9gor (Pleumeur Bodou 22) R\u00e9cup\u00e9ration d\u2019eau de pluie \u27a4 Samedi 7 mars \u00e0 l&#8217;Ecocentre Tr\u00e9gor (Pleumeur Bodou 22) \u00c9lectrifier un v\u00e9lo \u27a4 Samedi 14 mars \u00e0 l&#8217;Ecocentre Tr\u00e9gor (Pleumeur Bodou 22) Fabrication d\u2019un butaphone \u27a4 Samedi 28 &amp; dimanche 29 mars \u00e0 l&#8217;Ecocentre [&hellip;]<\/p>\n","protected":false},"author":1,"featured_media":0,"parent":0,"menu_order":0,"comment_status":"closed","ping_status":"closed","template":"","meta":{"pgc_sgb_lightbox_settings":"","_mi_skip_tracking":false,"_exactmetrics_sitenote_active":false,"_exactmetrics_sitenote_note":"","_exactmetrics_sitenote_category":0},"_links":{"self":[{"href":"http:\/\/www.re-cycle-age.com\/SiteNNV3\/index.php?rest_route=\/wp\/v2\/pages\/2586"}],"collection":[{"href":"http:\/\/www.re-cycle-age.com\/SiteNNV3\/index.php?rest_route=\/wp\/v2\/pages"}],"about":[{"href":"http:\/\/www.re-cycle-age.com\/SiteNNV3\/index.php?rest_route=\/wp\/v2\/types\/page"}],"author":[{"embeddable":true,"href":"http:\/\/www.re-cycle-age.com\/SiteNNV3\/index.php?rest_route=\/wp\/v2\/users\/1"}],"replies":[{"embeddable":true,"href":"http:\/\/www.re-cycle-age.com\/SiteNNV3\/index.php?rest_route=%2Fwp%2Fv2%2Fcomments&post=2586"}],"version-history":[{"count":13,"href":"http:\/\/www.re-cycle-age.com\/SiteNNV3\/index.php?rest_route=\/wp\/v2\/pages\/2586\/revisions"}],"predecessor-version":[{"id":2648,"href":"http:\/\/www.re-cycle-age.com\/SiteNNV3\/index.php?rest_route=\/wp\/v2\/pages\/2586\/revisions\/2648"}],"wp:attachment":[{"href":"http:\/\/www.re-cycle-age.com\/SiteNNV3\/index.php?rest_route=%2Fwp%2Fv2%2Fmedia&parent=2586"}],"curies":[{"name":"wp","href":"https:\/\/api.w.org\/{rel}","templated":true}]}}